rs of (-1)/n + (-1360)/(-30)?
3, 5
Suppose 15 = y + 2*y. Suppose 2*d + y = 11. Let l(v) = 9*v - 2. What are the prime factors of l(d)?
5
Let l(r) = r**2 - 8*r. Let z(y) = y**2 + 7*y + 25. Let j be z(-5). List the prime factors of l(j).
3, 5, 7
Let n(s) = 2*s**3 - 2*s**2 - 4*s + 5. Let f be n(2). Let t = f + -5. Suppose t = 5*j - j - 112. What are the prime factors of j?
2, 7
Suppose 0 = -36*m + 24222 + 48354. What are the prime factors of m?
2, 3, 7
Let a(j) = j**3 - 18*j**2 + 13*j - 7. List the prime factors of a(18).
227
Let r be (-4 + 4)/((-9)/3). Let v(l) be the first derivative of l**4/4 - l**3/3 + 34*l - 2. List the prime factors of v(r).
2, 17
Let n(p) = 5*p**2 - p + 4. Let x(a) = -4 - 7 + 7 + a. Let z be x(7). What are the prime factors of n(z)?
2, 23
List the prime factors of (31368/(-108))/(2/(-9)).
1307
Suppose -522 = -11*p + 336. Let t = 110 - p. What are the prime factors of t?
2
Let n(r) = 5*r**2 - 5*r + 3. Let v be n(2). Let b = v + 50. What are the prime factors of b?
3, 7
Let f(p) = 6*p + 99. Let c be f(-16). Let z be (-928)/6 - (-2)/3. What are the prime factors of ((-3)/c)/(2/z)?
7, 11
Let c(q) = -9 + 3*q**2 + 19 - 9*q - 11. What are the prime factors of c(9)?
7, 23
Suppose 3*z = -4*m + 43, 2*z - 6 - 1 = -m. Let d = 101 + m. List the prime factors of d.
2, 3, 19
Let s be 1/(-1)*(-4)/(-2). Let v be (5 - 2)*s/(-2). Suppose -4*u - 5*g + 10 = u, -v*u + 3*g + 36 = 0. List the prime factors of u.
7
Let f be 1 - (3 - 2)*-17. Suppose i - t - 55 = 0, 5*i - 41*t - 311 = -45*t. Suppose -q = -i + f. What are the prime factors of q?
41
Let d = 76 + -51. List the prime factors of (-4)/3 - d/(-3).
7
Let y = -43 + 169. Suppose 0 = -0*k + 6*k - y. What are the prime factors of k?
3, 7
Let c be 364/(-10) + (-2)/(-5). Let z = c - -65. What are the prime factors of z?
29
Suppose -25*g = -58*g + 693. Suppose 0 = -3*v - 48 - 204. What are the prime factors of (-98)/(-2) + v/g?
3, 5
Suppose f = -b + 3*f - 9, -4*f = 4*b + 36. Let t be 1*(19 + -1 - 0). Let p = t + b. List the prime factors of p.
3
Let q(z) = z**3 - 9*z**2 + 14*z + 5. Let b be q(7). Suppose -66 = -7*o + b*o. List the prime factors of o.
3, 11
Let f = -92 - -264. List the prime factors of f.
2, 43
Suppose 0 = -2*y - 2*y + c + 229, -4*y = c - 235. Suppose -16*a = 294 + 234. Let v = a + y. List the prime factors of v.
5
Suppose 0 = 4*l - 5*x - 4, -6*l - x + 34 = -l. Let u be (-183)/l*-2 - 0. List the prime factors of 2/3*(u - -2).
2, 3, 7
Let n = 6 - 9. Let t be (-1)/(n + (-112)/(-38)). Suppose 5*s - 6*s + t = 0. List the prime factors of s.
19
Let w = 435 - 171. Suppose -w = -4*f + 200. List the prime factors of f.
2, 29
Let h(y) = y - 3. Let x be h(-2). Let c(r) = -r + 1. Let w be c(x). Suppose -2*l + 4*b + 44 = 0, -w*b = -3*l - 4*b + 70. What are the prime factors of l?
2, 3
Suppose 23*h = 52*h - 9802. List the prime factors of h.
2, 13
Suppose 0 = 25*n - 1776 - 3824. What are the prime factors of n?
2, 7
Let y(p) be the first derivative of 4*p**2 - 12*p + 23. What are the prime factors of y(6)?
2, 3
Let o(l) = l**3 + 6*l**2 - 5*l - 11. Let d be (-8)/10*(-165)/(-6). Let q = 16 + d. List the prime factors of o(q).
19
Let h = 346 + 82. List the prime factors of h.
2, 107
Let g(y) = y**3 - 39*y**2 + 14*y + 197. What are the prime factors of g(39)?
743
Let u = 5084 + -2989. What are the prime factors of u?
5, 419
Let p(s) = -8*s**2 + 3*s - 1. Let l be p(3). Let c(g) = 17*g + 192. Let n be c(-14). Let o = n - l. List the prime factors of o.
2, 3
Let i = -51 - -174. What are the prime factors of i?
3, 41
Let g(f) = -2*f - 4. Let s be g(-4). Suppose 57 = -s*m + 569. List the prime factors of m.
2
Let q be (-10)/5*2185/(-10). Suppose 524 = 3*x + 4*r, q + 264 = 4*x + 3*r. List the prime factors of x.
2, 11
Let u(h) = h**2 + 5*h - 2. Let n be u(-5). Let v be -7 - n/4*-2. What are the prime factors of ((-36)/v - 4)*48?
2, 3
Let r(h) = -3*h**2 - h**3 + 1 + 9*h**2 - 4*h + 0*h. List the prime factors of r(4).
17
Let n = -3 + 4. Suppose -3*k + n = 4. What are the prime factors of 51/3 + 2 + k?
2, 3
Let q(y) = 15*y**2 - 11*y + 6. List the prime factors of q(2).
2, 11
Let j(r) = 128*r - 281. What are the prime factors of j(18)?
7, 17
Let u(b) = 367*b + 522. List the prime factors of u(11).
47, 97
Let a be ((-4)/6)/((-2)/15). Suppose -a*t = 100 + 55. Let f = t + 68. What are the prime factors of f?
37
Let j = 31 - 32. Let p(t) = 21*t**2 + t + 1. Let r be p(j). What are the prime factors of 2/(-7) + 1329/r?
3, 7
List the prime factors of (14 + -15)*(-3 - (9 - 1)).
11
Let h = 507 + -798. Let o = -182 - h. What are the prime factors of o?
109
Let z(k) = -2*k**3 - 6*k**2 + 6*k - 1. List the prime factors of z(-5).
3, 23
Let l(i) = i - 1. Let n(k) = -k**3 - 6*k**2 + 15*k. Let d(w) = -6*l(w) + n(w). List the prime factors of d(-8).
2, 31
Suppose 0 = 56*l - 70*l + 6384. List the prime factors of l.
2, 3, 19
Suppose -j + 7 = 3*c, j - 5 = -2*c - 0. Let o = -8 - j. Let l(t) = -t**3 - 8*t**2 + 8*t - 4. List the prime factors of l(o).
5
Suppose -17*s + 927 + 603 = 0. List the prime factors of s.
2, 3, 5
Let q(u) = -u**3 + 5*u**2 + 8*u - 9. Let r be q(6). Suppose d + 4*p = -r*d + 36, -2*p = -5*d + 66. Suppose -x + d = 4. What are the prime factors of x?
2
Suppose 0 = 4*b - b. Suppose v - 5*n - 47 = b, 0*n - 38 = -v + 2*n. Suppose u - 5*u + v = 0. List the prime factors of u.
2
Suppose -5 = -j + 3. Suppose 765 = -j*w + 13*w. List the prime factors of w.
3, 17
Let m(j) = 20*j**2 - 12*j + 63. List the prime factors of m(6).
3, 79
Let c(m) = 2*m**2 + m + 1. Let y be c(-4). Suppose -5*u + 2*t + 74 = -0*t, -2*t = -6. Let d = y - u. List the prime factors of d.
13
List the prime factors of (-315)/(-2) + 72/48.
3, 53
Let q be ((-39)/9 - -5) + (-602)/(-6). Suppose -2*i + 3*i = q. What are the prime factors of i?
101
Let x(v) = 10*v + 24. Let l be x(7). Let s = 146 - l. List the prime factors of s.
2, 13
Let x = 252 + 60. What are the prime factors of x?
2, 3, 13
Let n be (-3101)/5 + 6/30. What are the prime factors of n/15*(-3)/2?
2, 31
Suppose -30*v + 30726 = -3*v. What are the prime factors of v?
2, 569
What are the prime factors of 24/36 - (-40)/(-3)*-43?
2, 7, 41
Suppose -4*d - 122 = -3406. What are the prime factors of d?
821
Suppose k = 2*k - 87. Suppose -8*g = -5*g + k. Let f = -19 - g. What are the prime factors of f?
2, 5
Let o(i) = -i**3 + i**2 + 29. Suppose -12*w = -17*w. What are the prime factors of o(w)?
29
Let u be (0 + 21/2)/(69/184). Suppose n + 0 = 2. Let w = u - n. What are the prime factors of w?
2, 13
List the prime factors of (-266)/21*(-105)/10.
7, 19
List the prime factors of -5 - (8 + -13) - (-3134)/2.
1567
Let z(x) = 49*x**3 - 5*x**2 + 7*x - 5. List the prime factors of z(3).
2, 647
List the prime factors of 1/(-7) - 20878/(-77).
271
Suppose 4*x + 0*x - a = -241, -3*a = -15. Let o = 106 + x. What are the prime factors of o?
47
Let n = 100 + 430. What are the prime factors of n?
2, 5, 53
Let w(l) = -2*l + 32. Let b(n) = -2*n**2 + 2*n - 1. Let q be b(-1). What are the prime factors of w(q)?
2, 3, 7
Suppose 4*g + 5*w - 4938 = 0, 2*g - 6187 = -3*g + w. What are the prime factors of g?
1237
Suppose 3*c - 8 = -5*y + 26, -y + 20 = 5*c. Suppose 7*q = 12*q - y. Let j = q - -41. What are the prime factors of j?
2, 3, 7
Suppose 4*n - a + 1345 = 9*n, -4*n + 1090 = -2*a. List the prime factors of n.
2, 3, 5
What are the prime factors of 464 + 18 + (-4 - (-2)/2)?
479
Let j = 196 - -267. List the prime factors of j.
463
Let r(h) = h**2 - 13*h + 22. Let z be r(11). Let g = z + 14. List the prime factors of g.
2, 7
Let h = 40 - 27. Suppose -33 = -2*f + 27. Let d = f - h. What are the prime factors of d?
17
Let j be ((-18)/10)/(3/(-10)). Let a be (j - 5)/(2/6). Suppose -a*p = 4*v - 113, -v = 3*p - 5*v - 97. List the prime factors of p.
5, 7
Let s be (-1)/(-3)*(2 + 7). Suppose n = -3*n + 20, 0 = -s*b - 4*n + 422. List the prime factors of b.
2, 67
Let k = -78 - -473. List the prime factors of k.
5, 79
Let o = 1914 + -705. List the prime factors of o.
3, 13, 31
List the prime factors of (-4460)/(-6)*(150/(-20) + 9).
5, 223
Suppose 0 = -6*n - n + 21. Suppose -n*w + 9 = -6. Suppose -x + 269 = 4*b, 2*b + 3*b - w*x - 355 = 0. List the prime factors of b.
2, 17
Suppose 42*p - 11770 = 20*p. List the prime factors of p